{"id":5455,"date":"2019-06-25T19:46:47","date_gmt":"2019-06-25T19:46:47","guid":{"rendered":"https:\/\/socepel.com.br\/?page_id=5455"},"modified":"2019-06-25T20:16:14","modified_gmt":"2019-06-25T20:16:14","slug":"convenio-sinoreg-es","status":"publish","type":"page","link":"https:\/\/socepel.com.br\/?page_id=5455","title":{"rendered":"Conv\u00eanio &#8211; SINOREG-ES"},"content":{"rendered":"\n<div class=\"wp-block-media-text alignwide has-very-light-gray-background-color\"><figure class=\"wp-block-media-text__media\"><img loading=\"lazy\" decoding=\"async\" width=\"200\" height=\"108\" src=\"https:\/\/socepel.com.br\/wp-content\/uploads\/2019\/06\/sinoreg_es_logo.png\" alt=\"\" class=\"wp-image-5459\"\/><\/figure><div class=\"wp-block-media-text__content\">\n<p>\n\nA SOCEPEL firmou uma parceria com o Sinoreg-ES &#8211; Sindicato dos Not\u00e1rios e Registradores do Estado do Esp\u00edrito Santo &#8211; para oferecer cursos e capacita\u00e7\u00f5es em Libras para seus colaboradores, associados e familiares em todo o Estado do Esp\u00edrito Santo.\n\n<\/p>\n<\/div><\/div>\n\n\n\n<p class=\"has-background has-very-light-gray-background-color\">O principal objetivo desta parceria \u00e9 capacitar e formar o maior n\u00famero poss\u00edvel de funcion\u00e1rios e servidores dentro da Cultura Surda, para propiciar um atendimento p\u00fablico com maior efici\u00eancia e qualidade e ainda fomentar a inclus\u00e3o da LIBRAS no meio cartorial, propiciando a oferta de m\u00e3o-de-obra capacitada para facilitar o atendimento em assuntos que envolvam a surdez e suas necessidades especiais, tanto do ponto de vista legal como os aspectos t\u00e9cnicos.<\/p>\n\n\n\n<hr class=\"wp-block-separator\"\/>\n\n\n\n<p style=\"text-align:center\" class=\"has-text-color has-medium-font-size has-vivid-cyan-blue-color\"><strong>O conv\u00eanio assegura 10% de desconto nos cursos:<\/strong><\/p>\n\n\n\n<div class=\"wp-block-columns has-2-columns is-layout-flex wp-container-core-columns-is-layout-9d6595d7 wp-block-columns-is-layout-flex\">\n<div class=\"wp-block-column is-layout-flow wp-block-column-is-layout-flow\">\n<p> <strong>&#8211; Cursos de Capacita\u00e7\u00e3o em Libras<\/strong><br>Ideal para atender as necessidades espec\u00edficas como atendimento ao p\u00fablico; <\/p>\n<\/div>\n\n\n\n<div class=\"wp-block-column is-layout-flow wp-block-column-is-layout-flow\">\n<p><strong> &#8211; Cursos de Forma\u00e7\u00e3o em Libras<\/strong><br>Dispon\u00edveis em 3 n\u00edveis: <br>&gt; B\u00e1sico, <br>&gt; Intermedi\u00e1rio e <br>&gt; Avan\u00e7ado; <\/p>\n<\/div>\n<\/div>\n\n\n\n<hr class=\"wp-block-separator\"\/>\n\n\n\n<p class=\"has-background has-very-light-gray-background-color\">Para utilizar o conv\u00eanio basta o profissional procurar diretamente a Socepel, atrav\u00e9s dos contatos abaixo. <\/p>\n\n\n\n<p>Contatos SOCEPEL<br>Telefone: (27) 3032-2299<br>E-mail:&nbsp;<a href=\"mailto:curso@socepel.com.br\">curso@socepel.com.br<\/a><\/p>\n\n\n<div class=\"everest-forms\"><div class=\"evf-container default\" id=\"evf-5463\"><form id=\"evf-form-5463\" class=\"everest-form\" data-formid=\"5463\" data-ajax_submission=\"0\" data-keyboard_friendly_form=\"0\" method=\"post\" enctype=\"multipart\/form-data\" action=\"\/index.php?rest_route=%2Fwp%2Fv2%2Fpages%2F5455\"><div class=\"evf-field-container\"><input type=\"hidden\" id=\"_wpnonce5463\" name=\"_wpnonce5463\" value=\"5d79d29d54\" \/><input type=\"hidden\" name=\"_wp_http_referer\" value=\"\/index.php?rest_route=%2Fwp%2Fv2%2Fpages%2F5455\" \/><div class=\"evf-frontend-row\" data-row=\"row_1\" conditional_rules=\"[]\"><div class=\"evf-frontend-grid evf-grid-2\" data-grid=\"grid_1\"><div id=\"evf-5463-field_j2U16G4XGd-2-container\" class=\"evf-field evf-field-select form-row validate-required\" data-required-field-message=\"This field is required.\" data-field-id=\"j2U16G4XGd-2\"><label class=\"evf-field-label\" for=\"evf-5463-field_j2U16G4XGd-2\"><span class=\"evf-label\">Conv\u00eanios<\/span> <abbr class=\"required\" title=\"Required\">*<\/abbr><\/label><select id=\"evf-5463-field_j2U16G4XGd-2\" class=\"input-text evf-field-required\" name=\"everest_forms[form_fields][j2U16G4XGd-2]\" required=\"required\" ><option value=\"\" class=\"placeholder\" disabled  selected='selected'>Selecione o conv\u00eanio<\/option><option value=\"Coren - ES\" >Coren &#8211; ES<\/option><option value=\"Sinoreg - ES\" >Sinoreg &#8211; ES<\/option><\/select><\/div><\/div><div class=\"evf-frontend-grid evf-grid-2\" data-grid=\"grid_2\"><div id=\"evf-5463-field_1phKaU5W8s-3-container\" class=\"evf-field evf-field-date-time form-row\" data-field-id=\"1phKaU5W8s-3\"><label class=\"evf-field-label\" for=\"evf-5463-field_1phKaU5W8s-3\"><span class=\"evf-label\">Data do contato<\/span> <\/label><input type=\"text\" id=\"evf-5463-field_1phKaU5W8s-3\" class=\"flatpickr-field input-text\" name=\"everest_forms[form_fields][1phKaU5W8s-3]\" value=\"17\/04\/2026\" data-time-interval=\"15\" data-date-time=\"date\" data-mode=\"single\" data-locale=\"en\" data-date-format=\"d\/m\/Y\"  ><\/div><\/div><\/div><div class=\"evf-frontend-row\" data-row=\"row_2\" conditional_rules=\"[]\"><div class=\"evf-frontend-grid evf-grid-2\" data-grid=\"grid_1\"><div id=\"evf-5463-field_lFfJRAGv3K-4-container\" class=\"evf-field evf-field-first-name form-row validate-required\" data-required-field-message=\"This field is required.\" data-field-id=\"lFfJRAGv3K-4\"><label class=\"evf-field-label\" for=\"evf-5463-field_lFfJRAGv3K-4\"><span class=\"evf-label\">Nome<\/span> <abbr class=\"required\" title=\"Required\">*<\/abbr><\/label><input type=\"text\" id=\"evf-5463-field_lFfJRAGv3K-4\" class=\"input-text\" name=\"everest_forms[form_fields][lFfJRAGv3K-4]\" required><\/div><\/div><div class=\"evf-frontend-grid evf-grid-2\" data-grid=\"grid_2\"><div id=\"evf-5463-field_ZOqR51kOjC-5-container\" class=\"evf-field evf-field-last-name form-row validate-required\" data-required-field-message=\"This field is required.\" data-field-id=\"ZOqR51kOjC-5\"><label class=\"evf-field-label\" for=\"evf-5463-field_ZOqR51kOjC-5\"><span class=\"evf-label\">Sobrenome<\/span> <abbr class=\"required\" title=\"Required\">*<\/abbr><\/label><input type=\"text\" id=\"evf-5463-field_ZOqR51kOjC-5\" class=\"input-text\" name=\"everest_forms[form_fields][ZOqR51kOjC-5]\" required><\/div><\/div><\/div><div class=\"evf-frontend-row\" data-row=\"row_3\" conditional_rules=\"[]\"><div class=\"evf-frontend-grid evf-grid-2\" data-grid=\"grid_1\"><div id=\"evf-5463-field_Sn6dZJmU9p-6-container\" class=\"evf-field evf-field-email form-row validate-required validate-email\" data-required-field-message=\"Please enter a valid email address.\" data-field-id=\"Sn6dZJmU9p-6\"><label class=\"evf-field-label\" for=\"evf-5463-field_Sn6dZJmU9p-6\"><span class=\"evf-label\">E-mail<\/span> <abbr class=\"required\" title=\"Required\">*<\/abbr><\/label><input type=\"email\" id=\"evf-5463-field_Sn6dZJmU9p-6\" class=\"input-text\" name=\"everest_forms[form_fields][Sn6dZJmU9p-6]\" required ><\/div><\/div><div class=\"evf-frontend-grid evf-grid-2\" data-grid=\"grid_2\"><div id=\"evf-5463-field_YuZZwQMkYI-7-container\" class=\"evf-field evf-field-number form-row validate-required\" data-required-field-message=\"Please enter a valid number.\" data-field-id=\"YuZZwQMkYI-7\"><label class=\"evf-field-label\" for=\"evf-5463-field_YuZZwQMkYI-7\"><span class=\"evf-label\">Telefone<\/span> <abbr class=\"required\" title=\"Required\">*<\/abbr><\/label><input type=\"number\" id=\"evf-5463-field_YuZZwQMkYI-7\" class=\"input-text\" name=\"everest_forms[form_fields][YuZZwQMkYI-7]\" step=\"1\" required\/><div class=\"evf-field-description\">Digite somente n\u00fameros<\/div><\/div><\/div><\/div><div class=\"evf-frontend-row\" data-row=\"row_4\" conditional_rules=\"[]\"><div class=\"evf-frontend-grid evf-grid-2\" data-grid=\"grid_1\"><div id=\"evf-5463-field_jexKtqJCNa-8-container\" class=\"evf-field evf-field-textarea form-row\" data-field-id=\"jexKtqJCNa-8\"><label class=\"evf-field-label\" for=\"evf-5463-field_jexKtqJCNa-8\"><span class=\"evf-label\">Coment\u00e1rio (opcional)<\/span> <\/label><textarea id=\"evf-5463-field_jexKtqJCNa-8\" class=\"input-text\" name=\"everest_forms[form_fields][jexKtqJCNa-8]\"  ><\/textarea><\/div><\/div><div class=\"evf-frontend-grid evf-grid-2\" data-grid=\"grid_2\"><\/div><\/div><\/div><div class=\"evf-honeypot-container evf-field-hp\"><label for=\"evf-5463-field-hp\" class=\"evf-field-label\">Comment<\/label><input type=\"text\" name=\"everest_forms[hp]\" id=\"evf-5463-field-hp\" class=\"input-text\"><\/div><div class=\"evf-submit-container \" ><input type=\"hidden\" name=\"everest_forms[id]\" value=\"5463\"><input type=\"hidden\" name=\"everest_forms[author]\" value=\"5\"><button type='submit' name='everest_forms[submit]' class='everest-forms-submit-button button evf-submit ' id='evf-submit-5463' value='evf-submit' data-process-text=\"Processando, por favor aguarde\u2026\" conditional_rules='&quot;&quot;' conditional_id='evf-submit-5463'  id=\"evf-submit-5463\" aria-live=\"assertive\">ENVIAR<\/button><\/div><\/form><\/div><!-- .evf-container --><\/div>\n\n\n<p style=\"text-align:center\" class=\"has-background has-pale-cyan-blue-background-color\">Informe-se tamb\u00e9m sobre nosso&nbsp;<strong>Servi\u00e7o de Tradu\u00e7\u00e3o e Interpreta\u00e7\u00e3o de Portugu\u00eas \u2013 Libras \u2013 Portugu\u00eas<\/strong>&nbsp;de v\u00eddeos e textos (livros, apostilas, manuais, etc), servi\u00e7o imprescind\u00edvel para a inclus\u00e3o do usu\u00e1rio surdo e sobre o nosso&nbsp;<strong>Servi\u00e7o de Tradu\u00e7\u00e3o e Interpreta\u00e7\u00e3o de Portugu\u00eas \u2013 Libras \u2013 Portugu\u00eas atrav\u00e9s da Central de Interpretes SOCEPEL<\/strong>&nbsp;para atendimento ao vivo e \u00e0 dist\u00e2ncia. Fundamental para quem n\u00e3o pode perder tempo nem recursos.<\/p>\n\n\n\n<hr class=\"wp-block-separator\"\/>\n\n\n\n<p>Voc\u00ea tamb\u00e9m pode entrar em contato com Sinoreg-ES:<br><a href=\"https:\/\/www.sinoreg-es.org.br\/index.php?pG=X19jb25zdWx0YV9jb252ZW5pYWRvcw==&amp;op=Y29uc3VsdGFy\" target=\"_blank\" rel=\"noreferrer noopener\" aria-label=\" https:\/\/www.sinoreg-es.org.br\/  (abre numa nova aba)\"> https:\/\/www.sinoreg-es.org.br\/ <\/a><\/p>\n","protected":false},"excerpt":{"rendered":"<p>A SOCEPEL firmou uma parceria com o Sinoreg-ES &#8211; Sindicato dos Not\u00e1rios e Registradores do Estado do Esp\u00edrito Santo &#8211; para oferecer cursos e capacita\u00e7\u00f5es em Libras para seus colaboradores, associados e familiares em todo o Estado do Esp\u00edrito Santo. O principal objetivo desta parceria \u00e9 capacitar e formar o maior n\u00famero poss\u00edvel de funcion\u00e1rios [&hellip;]<\/p>\n","protected":false},"author":5,"featured_media":0,"parent":0,"menu_order":0,"comment_status":"closed","ping_status":"closed","template":"","meta":{"footnotes":""},"class_list":["post-5455","page","type-page","status-publish","hentry"],"_links":{"self":[{"href":"https:\/\/socepel.com.br\/index.php?rest_route=\/wp\/v2\/pages\/5455","targetHints":{"allow":["GET"]}}],"collection":[{"href":"https:\/\/socepel.com.br\/index.php?rest_route=\/wp\/v2\/pages"}],"about":[{"href":"https:\/\/socepel.com.br\/index.php?rest_route=\/wp\/v2\/types\/page"}],"author":[{"embeddable":true,"href":"https:\/\/socepel.com.br\/index.php?rest_route=\/wp\/v2\/users\/5"}],"replies":[{"embeddable":true,"href":"https:\/\/socepel.com.br\/index.php?rest_route=%2Fwp%2Fv2%2Fcomments&post=5455"}],"version-history":[{"count":5,"href":"https:\/\/socepel.com.br\/index.php?rest_route=\/wp\/v2\/pages\/5455\/revisions"}],"predecessor-version":[{"id":5466,"href":"https:\/\/socepel.com.br\/index.php?rest_route=\/wp\/v2\/pages\/5455\/revisions\/5466"}],"wp:attachment":[{"href":"https:\/\/socepel.com.br\/index.php?rest_route=%2Fwp%2Fv2%2Fmedia&parent=5455"}],"curies":[{"name":"wp","href":"https:\/\/api.w.org\/{rel}","templated":true}]}}