{"id":19,"date":"2013-10-26T19:23:31","date_gmt":"2013-10-26T19:23:31","guid":{"rendered":"http:\/\/www.socepel.com.br\/wpress\/?page_id=19"},"modified":"2019-06-07T13:05:27","modified_gmt":"2019-06-07T13:05:27","slug":"quem-somos","status":"publish","type":"page","link":"https:\/\/socepel.com.br\/?page_id=19","title":{"rendered":"Quem Somos"},"content":{"rendered":"<p>Cel.:<\/p>\n<table border=\"0\" cellspacing=\"0\" cellpadding=\"0\" align=\"center\">\n<tbody>\n<tr>\n<td>\n<p align=\"justify\">O <strong>SOCEPEL &#8211; Sociedade Editorial de Pesquisa em Educa\u00e7\u00e3o e LIBRAS<\/strong> \u00e9 o resultado da tomada de consci\u00eancia por pessoas que convivem com as lutas das pessoas surdas na busca de oportunidade de trabalho mesmo que no ambiente social a qual est\u00e1 inserida.<br \/>\nNossa luta \u00e9 para a tomada de consci\u00eancia da pessoa ouvinte de que \u00e9 importante a percep\u00e7\u00e3o de que a LIBRAS deve estar presente na fam\u00edlia, na escola, no trabalho, nos clubes, no com\u00e9rcio e no mundo em geral.<\/p>\n<p align=\"justify\"><strong>Natureza<\/strong>: Organiza\u00e7\u00e3o da Iniciativa Privada &#8211; Interesse P\u00fablico.<\/p>\n<p><strong>Nossa Finalidade<\/strong>: Promover a\u00e7\u00f5es e reflex\u00e3o e a busca de solu\u00e7\u00f5es, com a\u00e7\u00f5es concretas de educa\u00e7\u00e3o relativas \u00e0s necessidades daqueles que possuem surdez, defici\u00eancias auditivas e auditivas-visuais, conscientizando toda as sociedades os malef\u00edcios causado pela discrimina\u00e7\u00e3o e exclus\u00e3o dos mesmos, e tomando como bandeira o resgate e melhoria da sua auto-estima, buscando, com isto, a descoberta de valores que convalidem a socializa\u00e7\u00e3o.<\/p>\n<p align=\"center\"><strong>NOSSOS OBJETIVOS<\/strong><\/p>\n<ul>\n<li>Oferecerestudos adicionais, prevendo estudos e forma\u00e7\u00e3o espec\u00edfica para professores da Educa\u00e7\u00e3o Infantil e Ensino Fundamental \u2013 S\u00e9ries Iniciais, visando acrescentar \u00e0 forma\u00e7\u00e3o dos professores, incluindo-se os de forma\u00e7\u00e3o b\u00e1sica de Magist\u00e9rio no N\u00edvel M\u00e9dio, os conhecimentos relativos \u00e0 \u00e1rea da surdez. Caracteriza-se como uma amplia\u00e7\u00e3o de estudos &#8211; para os professores que j\u00e1 atuem no magist\u00e9rio &#8211; com carga hor\u00e1ria de 220 horas distribu\u00eddas em 03 eixos tem\u00e1ticos;<\/li>\n<li>Contribuir com os professoresadicionando-lhes conhecimentos referentes \u00e0 L\u00edngua Brasileira de Sinais, bem como, a cultura dos surdos para atuar nas salas regulares e ou de recursos pedag\u00f3gicos, promovendo a efetiva inclus\u00e3o;<\/li>\n<li>Aumentar a oferta de Material e Recursos Did\u00e1tico-Pedag\u00f3gicos, propiciando com isso o enriquecimento da qualidade do ensino, primariamente da LIBRAS, mas abrangendo tamb\u00e9m os outros segmentos da educa\u00e7\u00e3o;<\/li>\n<li>Desenvolver o ensino da L\u00edngua Brasileira de Sinais \u2013 Libras, inicialmente nos seguintes m\u00f3dulos:<\/li>\n<\/ul>\n<p>* Curso de L\u00edngua Brasileira de Sinais &#8211; LIBRAS &#8211; para ouvintes<br \/>\n* Curso de Capacita\u00e7\u00e3o de Instrutores da L\u00edngua Brasileira de Sinais &#8211; LIBRAS &#8211; para Surdos<br \/>\n* Curso de Tradutor de Int\u00e9rpretes de LIBRAS \/ L\u00edngua Portuguesa &#8211; para ouvinte<br \/>\n* Curso de Forma\u00e7\u00e3o continuada em L\u00edngua Brasileira de Sinais &#8211; LIBRAS (para rede Municipal de ensino)<br \/>\n* Curso de Extens\u00e3o em LIBRAS<br \/>\n* Mat\u00e9ria Eletiva em LIBRAS;<\/p>\n<ul>\n<li>Procurar atrav\u00e9s de contratos e\/ou conv\u00eanios com empresas e institui\u00e7\u00f5es, p\u00fablicas e privadas, capacitar e formar o maior n\u00famero poss\u00edvel de funcion\u00e1rios e servidores dentro da Cultura Surda, para propiciar um atendimento p\u00fablico com maior efici\u00eancia e qualidade; e<\/li>\n<li>Aumentar a inclus\u00e3o da LIBRAS no meio social, principalmente atrav\u00e9s da m\u00eddia eletr\u00f4nica, propiciando a oferta de m\u00e3o-de-obra capacitada \u2013 interpretes e tradutores \u2013 e a presta\u00e7\u00e3o de servi\u00e7o de consultoria para os assuntos que envolvam a surdez e suas necessidades especiais, tanto do ponto de vista legal como os aspectos t\u00e9cnicos e educacionais.<\/li>\n<\/ul>\n<p align=\"justify\"><strong>Nosso Desafio<\/strong>: Ampliar os limites e possibilidades dos surdos.<br \/>\nPreparar pessoas &#8211; surdas e ouvintes &#8211; que tenham forma\u00e7\u00e3o em, no m\u00ednimo Ensino M\u00e9dio, e queiram conhecer e usar a cultura e l\u00edngua de sinais, possibilitando e ampliando a participa\u00e7\u00e3o do surdo na sociedade do emprego e do trabalho.<br \/>\nDestacadamente, nosso DESAFIO \u00e9 voltado para despertar nos profissionais das mais diferentes \u00e1reas da produ\u00e7\u00e3o da vida, um novo olhar para os limites e possibilidades da pessoa surda. S\u00f3 para citar, alguns segmentos alvos: Educadores, Profissionais Liberais, Funcion\u00e1rios P\u00fablicos e de Grandes Empresas Privadas que considerando suas diferen\u00e7as, re-visitar a hist\u00f3ria e contribuir para a constru\u00e7\u00e3o de uma nova hist\u00f3ria social para o surdo.<\/p>\n<p><strong>Justificativa<\/strong>: Um longo recorte da hist\u00f3ria da humanidade revela que a pessoa surda, foi de um modo ou de outro, marginalizada, ora considerada como louca, doente, anormal e ou deficiente considerando o momento hist\u00f3rico. Soltando as amarras do sil\u00eancio e da omiss\u00e3o saiu em busca e alcan\u00e7ou conquistas que a colocam na condi\u00e7\u00e3o de diferentes e a retira do rol das deficientes.<br \/>\nA denomina\u00e7\u00e3o de <strong>Surdo<\/strong> e\/ou <strong>Pessoa Surda<\/strong> \u00e9 correta e \u00e9 considerada por todos os diretamente envolvidos com esta quest\u00e3o, como resultado de importantes conquistas e passo inicial para a efetiva inclus\u00e3o.<br \/>\nEsta conquista estabeleceu um tecido legal que garanta sua inclus\u00e3o social de forma efetiva. Com destaque para a Lei 10.436 de Abril de 2002 e seu Decreto Regulamentador de 22 de Dezembro de 2006, enfatizando aqui os Art. 3\u00ba, \u00a7 1\u00ba; Art.6\u00ba, \u00a7 1\u00ba, Art. 7\u00ba, \u00a7 2\u00ba, Art. 26, Art. 27 e Art. 28.<br \/>\nPor estas e tantas outras raz\u00f5es, nosso projeto se JUSTIFICA na medida em que amparado no sistema legal, trabalha de forma diligente para a inclus\u00e3o real da pessoa surda, no espa\u00e7o social ao qual pertence, com \u00eanfase para sua entrada no mundo do emprego e do trabalho.<\/p>\n<p align=\"justify\">A <strong>SOCEPEL &#8211; Sociedade Editorial de Pesquisas em Educa\u00e7\u00e3o e LIBRAS<\/strong>, com inscri\u00e7\u00e3o no CNPJ\/MF sob o n\u00ba.\u00a010.679.935\/0001-08 e sede \u00e0 Rua Henrique Laranja, 434 &#8211; Anexo \u2013 Centro \u2013 Vila Velha &#8211; ES, \u00e9 uma organiza\u00e7\u00e3o da iniciativa privada de interesse p\u00fablico, que tem como MISS\u00c3O <em>\u201ctrabalhar a tomada de consci\u00eancia sobre a import\u00e2ncia do conhecimento da LIBRAS em todas as inst\u00e2ncias da vida social brasileira<\/em>\u201d e, para tanto, trabalha com a VIS\u00c3O de que<em> \u201cse faz necess\u00e1rio conscientizar a sociedade brasileira sobre os malef\u00edcios causados pela discrimina\u00e7\u00e3o e pela\u00a0 exclus\u00e3o dos surdos desta mesma sociedade, da qual ele tamb\u00e9m faz parte\u201d.<\/em><br \/>\nPara alcan\u00e7ar estes objetivos, a SOCEPEL est\u00e1 organizada de modo a atuar nas seguintes atividades:<\/p>\n<p align=\"center\">\u00a0<img loading=\"lazy\" decoding=\"async\" src=\"http:\/\/www.socepel.com.br\/figuras\/quem_clip_image002.gif\" alt=\"\" width=\"642\" height=\"372\" \/><\/p>\n<\/td>\n<\/tr>\n<tr>\n<td>\n<hr \/>\n<\/td>\n<\/tr>\n<tr>\n<td>\n<div align=\"center\"><strong>NOSSA EQUIPE:<\/strong><\/div>\n<\/td>\n<\/tr>\n<tr>\n<td>\n<div align=\"justify\">\n<p><strong><br \/>\nCOORDENA\u00c7\u00c3O ADMINISTRATIVA <\/strong><br \/>\n<strong>Sr Jos\u00e9 Onofre de Souza <\/strong>&#8211; Empres\u00e1rio no setor de auto-pe\u00e7as, pai da Pedagoga Surda, Sra Simone Quirgo de Souza, \u00e9 Conselheiro Administrativo da FENEIS (Federa\u00e7\u00e3o Nacional de Educa\u00e7\u00e3o e Integra\u00e7\u00e3o dos Surdos). Atua ativamente em defesa da causa da inclus\u00e3o do indiv\u00edduo surdo na sociedade.<\/p>\n<p><strong>COORDENA\u00c7\u00c3O PEDAG\u00d3GICA <\/strong><br \/>\n<strong>Professora Simone Quirgo de Souza <\/strong>&#8211; Pedagoga e Professora Presencial Surda, formada pela UNIVILA, \u00e9 a primeira pedagoga surda do Estado do Esp\u00edrito Santo, al\u00e9m de P\u00f3s-Graduada em Especializa\u00e7\u00e3o em Educa\u00e7\u00e3o Lato Sensu e possui Certifica\u00e7\u00e3o de Profici\u00eancia no PROLIBRAS 2007 &#8211; N\u00edvel Superior. Trabalhou na ACPD (Associa\u00e7\u00e3o Capixaba de Pessoas com Defici\u00eancia), na Secretaria de Fazenda do Estado do Esp\u00edrito Santo e na Pol\u00edcia Civil. Atualmente \u00e9 funcion\u00e1ria p\u00fablica concursada da PMVV (Prefeitura Municipal de Vila Velha) como Professora Bil\u00edngue, cedida \u00e0 Secretaria Municipal de A\u00e7\u00e3o Social como Pedagoga. Trabalha ainda como docente dos cursos de Educa\u00e7\u00e3o Fisica, Fonoaudiologia e Odontologia da Universidade UVV al\u00e9m de atuar como Professora de LIBRAS. \u00e0 P\u00f3s-Graduada em Especializa\u00e7\u00e3o em Educa\u00e7\u00e3o Especial &#8211; D.A.,pela UNIRIO.<\/p>\n<p><strong>Professor Gianfranco Rubini <\/strong>&#8211; Pedagogo Ouvinte e Professor a Dist\u00e2ncia e Presencial, \u00e0 graduado pelas universidades SESNI,Castelo Branco, FEUDUQUE, Est\u00e1cio de S\u00e1 e UFRJ. Ocupou na \u00e1rea educacional os cargos de Diretor T\u00e9cnico, Coordenador, Consultor, Orientador Pedag\u00f3gico e Professor, trabalhando em institui\u00e7\u00f5es reconhecidas como o CEDERJ. Hoje, participa ativamente como Pedagogo da SOCEPEL. Foi agraciado em 1994 com Mo\u00e7\u00e3o Congratulat\u00e1ria pela C\u00e2mara Municipal de Petr\u00f3polis.<\/p>\n<p><strong>PSICOLOGA <\/strong><br \/>\n<strong>Sra Nelzi Fran\u00e7a Rubini <\/strong>&#8211; Psic\u00f3loga e Professora Presencial, graduada pelas universidades SUAM, Castelo Branco, FEUDUQUE, Est\u00e1cio de S\u00e1 e UCP. Atuou na \u00e1rea de educa\u00e7\u00e3o como Secret\u00e1ria Escolar, Coordenadora, Diretora T\u00e9cnica e Consultora. Atualmente ocupa ainda cargo de Diretoria na SOCEPEL.<\/p>\n<p><strong>OUTROS INTEGRANTES<\/strong><br \/>\n<strong>Jussara Bastos Oliveira<\/strong> &#8211; Professora na \u00e1rea de educa\u00e7\u00e3o infantil e ensino fundamental, graduada em Gest\u00e3o P\u00fablica, trabalhou como oficial de gabinete na Secretaria de Assist\u00eancia Social (SEMAS), como secret\u00e1ria Executiva no programa da ONU, no Estado do ES, incentivando a\u00e7\u00f5es, programas e projetos que contribuem para o cumprimento das Metas do Objetivo do Mil\u00eanio. Atualmente trabalha como Secret\u00e1ria Parlamentar, na C\u00e2mara Municipal de Vit\u00f3ria\/ES.<\/p>\n<\/div>\n<\/td>\n<\/tr>\n<tr>\n<td>\n<hr \/>\n<\/td>\n<\/tr>\n<tr>\n<td><strong>Contato:<\/strong><br \/>\nRua Henrique Laranja, 434 &#8211; Anexo<br \/>\nCentro \u2013 Vila Velha &#8211; ES &#8211; 29100-350<br \/>\nE-mail: <a href=\"mailto:socepel@socepel.com.br\">SOCEPEL@SOCEPEL.COM.BR<\/a><br \/>\nTel.: (27) 3032-2299 &#8211; Sede<br \/>\nCel.: (27) 99223-9791 &#8211; Sr Jos\u00e9 Onofre<br \/>\nCel.: (24) 98126-6800 &#8211; Sr Jorge Luciano<\/td>\n<\/tr>\n<tr>\n<td>\n<hr \/>\n<\/td>\n<\/tr>\n<\/tbody>\n<\/table>\n","protected":false},"excerpt":{"rendered":"<p>Cel.: O SOCEPEL &#8211; Sociedade Editorial de Pesquisa em Educa\u00e7\u00e3o e LIBRAS \u00e9 o resultado da tomada de consci\u00eancia por pessoas que convivem com as lutas das pessoas surdas na busca de oportunidade de trabalho mesmo que no ambiente social a qual est\u00e1 inserida. Nossa luta \u00e9 para a tomada de consci\u00eancia da pessoa ouvinte [&hellip;]<\/p>\n","protected":false},"author":1,"featured_media":0,"parent":47,"menu_order":4,"comment_status":"closed","ping_status":"closed","template":"","meta":{"footnotes":""},"class_list":["post-19","page","type-page","status-publish","hentry"],"_links":{"self":[{"href":"https:\/\/socepel.com.br\/index.php?rest_route=\/wp\/v2\/pages\/19","targetHints":{"allow":["GET"]}}],"collection":[{"href":"https:\/\/socepel.com.br\/index.php?rest_route=\/wp\/v2\/pages"}],"about":[{"href":"https:\/\/socepel.com.br\/index.php?rest_route=\/wp\/v2\/types\/page"}],"author":[{"embeddable":true,"href":"https:\/\/socepel.com.br\/index.php?rest_route=\/wp\/v2\/users\/1"}],"replies":[{"embeddable":true,"href":"https:\/\/socepel.com.br\/index.php?rest_route=%2Fwp%2Fv2%2Fcomments&post=19"}],"version-history":[{"count":4,"href":"https:\/\/socepel.com.br\/index.php?rest_route=\/wp\/v2\/pages\/19\/revisions"}],"predecessor-version":[{"id":5299,"href":"https:\/\/socepel.com.br\/index.php?rest_route=\/wp\/v2\/pages\/19\/revisions\/5299"}],"up":[{"embeddable":true,"href":"https:\/\/socepel.com.br\/index.php?rest_route=\/wp\/v2\/pages\/47"}],"wp:attachment":[{"href":"https:\/\/socepel.com.br\/index.php?rest_route=%2Fwp%2Fv2%2Fmedia&parent=19"}],"curies":[{"name":"wp","href":"https:\/\/api.w.org\/{rel}","templated":true}]}}